{"id":1068,"date":"2021-10-15T14:51:29","date_gmt":"2021-10-15T14:51:29","guid":{"rendered":"https:\/\/nathalie-faggianelli.fr\/?page_id=1068"},"modified":"2021-10-15T15:06:41","modified_gmt":"2021-10-15T15:06:41","slug":"webinaire-immunite","status":"publish","type":"page","link":"https:\/\/nathalie-faggianelli.fr\/index.php\/webinaire-immunite\/","title":{"rendered":"WEBINAIRE Immunit\u00e9"},"content":{"rendered":"\n<p>Je suis heureuse de vous retrouver le <strong>mardi 26 octobre prochain \u00e0 20h00<\/strong> pour un webinaire en ligne sur le th\u00e8me de l&rsquo;immunit\u00e9: \u00ab\u00a0comment prendre soin de mon immunit\u00e9 et de celle de ces enfants ?\u00a0\u00bb<\/p>\n\n\n\n<div class=\"wp-block-columns is-layout-flex wp-container-core-columns-is-layout-9d6595d7 wp-block-columns-is-layout-flex\">\n<div class=\"wp-block-column is-layout-flow wp-block-column-is-layout-flow\">\n<figure class=\"wp-block-image size-large\"><img loading=\"lazy\" decoding=\"async\" width=\"1024\" height=\"1024\" src=\"https:\/\/nathalie-faggianelli.fr\/wp-content\/uploads\/2021\/10\/atelier_automnehiverenligne3-1024x1024.jpg\" alt=\"\" class=\"wp-image-1065\" srcset=\"https:\/\/nathalie-faggianelli.fr\/wp-content\/uploads\/2021\/10\/atelier_automnehiverenligne3-1024x1024.jpg 1024w, https:\/\/nathalie-faggianelli.fr\/wp-content\/uploads\/2021\/10\/atelier_automnehiverenligne3-100x100.jpg 100w, https:\/\/nathalie-faggianelli.fr\/wp-content\/uploads\/2021\/10\/atelier_automnehiverenligne3-600x600.jpg 600w, https:\/\/nathalie-faggianelli.fr\/wp-content\/uploads\/2021\/10\/atelier_automnehiverenligne3-300x300.jpg 300w, https:\/\/nathalie-faggianelli.fr\/wp-content\/uploads\/2021\/10\/atelier_automnehiverenligne3-150x150.jpg 150w, https:\/\/nathalie-faggianelli.fr\/wp-content\/uploads\/2021\/10\/atelier_automnehiverenligne3-768x768.jpg 768w, https:\/\/nathalie-faggianelli.fr\/wp-content\/uploads\/2021\/10\/atelier_automnehiverenligne3-75x75.jpg 75w, https:\/\/nathalie-faggianelli.fr\/wp-content\/uploads\/2021\/10\/atelier_automnehiverenligne3.jpg 1080w\" sizes=\"auto, (max-width: 1024px) 100vw, 1024px\" \/><\/figure>\n<\/div>\n\n\n\n<div class=\"wp-block-column is-layout-flow wp-block-column-is-layout-flow\">\n<p class=\"has-text-align-center\"><em>Atelier tout public m\u00eame d\u00e9butant en phyto-aromath\u00e9rapie<\/em><\/p>\n\n\n\n<p>Avec la baisse des temp\u00e9ratures, de la luminosit\u00e9, et le retour des virus et bact\u00e9ries qui circulent \u00e0 la cr\u00e8che, \u00e0 l\u2019\u00e9cole, nous et nos enfants sommes plus sujets \u00e0 la fatigue, \u00e0 la baisse de moral et plus susceptibles de tomber malades. Notre syst\u00e8me immunitaire est notre garde-fou pour \u00eatre en forme mais aussi notre levier de gu\u00e9rison num\u00e9ro 1. Avoir une bonne immunit\u00e9 c\u2019est donc aussi le gage d\u2019un r\u00e9tablissement plus rapide.\u00a0Mais elle est souvent mise \u00e0 mal par nos modes de vie.\u00a0<\/p>\n\n\n\n<p>AU PROGRAMME :<\/p>\n\n\n\n<ul class=\"wp-block-list\"><li>Qu&rsquo;est-ce que l&rsquo;immunit\u00e9? <\/li><li>Comment soutenir son immunit\u00e9 efficacement et naturellement\u00a0?\u00a0<\/li><\/ul>\n\n\n\n<ul class=\"wp-block-list\"><li>Quelles sont les habitudes quotidiennes \u00e0 mettre en place pour rester en forme \u00e0 la mauvaise saison&nbsp;?&nbsp;<\/li><\/ul>\n\n\n\n<ul class=\"wp-block-list\"><li>Comment utiliser les huiles essentielles et les plantes en toute s\u00e9curit\u00e9&nbsp;pour rester en bonne sant\u00e9, \u00e9viter de tomber malade mais aussi se soigner quand on a attrap\u00e9 froid&nbsp;?<\/li><\/ul>\n<\/div>\n<\/div>\n\n\n\n<p>Les conseils et recommandations partag\u00e9s sont d\u00e9di\u00e9s aux parents + b\u00e9b\u00e9s\/enfants d\u00e8s 3 mois. Vous repartirez avec une feuille de route des conseils \u00e9voqu\u00e9s lors de l\u2019atelier.<\/p>\n\n\n\n<p>INFO PRATIQUES:<br>Mardi 26 octobre, webinaire en ligne<br>Horaires: 20h-21h\/21H30 selon les questions<br>Offre promotionnelle de lancement des ateliers en ligne: prix tout doux de 12 euros \u00e0 payer au moment de la r\u00e9servation \ud83d\ude42<br><br>INSCRIPTION:<\/p>\n\n\n\n<p><a href=\"https:\/\/calendly.com\/nathalie-faggianelli\/immunite?month=2021-10&amp;date=2021-10-26\" data-type=\"URL\" data-id=\"https:\/\/calendly.com\/nathalie-faggianelli\/immunite?month=2021-10&amp;date=2021-10-26\" target=\"_blank\" rel=\"noreferrer noopener\">CLIQUER ICI<\/a> <\/p>\n","protected":false},"excerpt":{"rendered":"<p>Je suis heureuse de vous retrouver le mardi 26 octobre prochain \u00e0 20h00 pour un webinaire en ligne sur le th\u00e8me de l&rsquo;immunit\u00e9: \u00ab\u00a0comment prendre soin de mon immunit\u00e9 et de celle de ces enfants ?\u00a0\u00bb Atelier tout public m\u00eame&#8230;<\/p>\n<p><a class=\"more-link\" href=\"https:\/\/nathalie-faggianelli.fr\/index.php\/webinaire-immunite\/\">Read More<\/a><\/p>\n","protected":false},"author":1,"featured_media":0,"parent":0,"menu_order":0,"comment_status":"closed","ping_status":"closed","template":"","meta":{"_genesis_hide_title":false,"_genesis_hide_breadcrumbs":false,"_genesis_hide_singular_image":false,"_genesis_hide_footer_widgets":false,"_genesis_custom_body_class":"","_genesis_custom_post_class":"","_genesis_layout":"","footnotes":""},"class_list":{"0":"post-1068","1":"page","2":"type-page","3":"status-publish","5":"entry"},"yoast_head":"<!-- This site is optimized with the Yoast SEO plugin v27.5 - https:\/\/yoast.com\/product\/yoast-seo-wordpress\/ -->\n<title>WEBINAIRE Immunit\u00e9 - Nathalie Faggianelli<\/title>\n<meta name=\"robots\" content=\"index, follow, max-snippet:-1, max-image-preview:large, max-video-preview:-1\" \/>\n<link rel=\"canonical\" href=\"https:\/\/nathalie-faggianelli.fr\/index.php\/webinaire-immunite\/\" \/>\n<meta property=\"og:locale\" content=\"fr_FR\" \/>\n<meta property=\"og:type\" content=\"article\" \/>\n<meta property=\"og:title\" content=\"WEBINAIRE Immunit\u00e9 - Nathalie Faggianelli\" \/>\n<meta property=\"og:description\" content=\"Je suis heureuse de vous retrouver le mardi 26 octobre prochain \u00e0 20h00 pour un webinaire en ligne sur le th\u00e8me de l&rsquo;immunit\u00e9: \u00ab\u00a0comment prendre soin de mon immunit\u00e9 et de celle de ces enfants ?\u00a0\u00bb Atelier tout public m\u00eame...Read More\" \/>\n<meta property=\"og:url\" content=\"https:\/\/nathalie-faggianelli.fr\/index.php\/webinaire-immunite\/\" \/>\n<meta property=\"og:site_name\" content=\"Nathalie Faggianelli\" \/>\n<meta property=\"article:modified_time\" content=\"2021-10-15T15:06:41+00:00\" \/>\n<meta property=\"og:image\" content=\"https:\/\/nathalie-faggianelli.fr\/wp-content\/uploads\/2021\/10\/atelier_automnehiverenligne3-1024x1024.jpg\" \/>\n<meta name=\"twitter:card\" content=\"summary_large_image\" \/>\n<meta name=\"twitter:label1\" content=\"Dur\u00e9e de lecture estim\u00e9e\" \/>\n\t<meta name=\"twitter:data1\" content=\"1 minute\" \/>\n<script type=\"application\/ld+json\" class=\"yoast-schema-graph\">{\"@context\":\"https:\\\/\\\/schema.org\",\"@graph\":[{\"@type\":\"WebPage\",\"@id\":\"https:\\\/\\\/nathalie-faggianelli.fr\\\/index.php\\\/webinaire-immunite\\\/\",\"url\":\"https:\\\/\\\/nathalie-faggianelli.fr\\\/index.php\\\/webinaire-immunite\\\/\",\"name\":\"WEBINAIRE Immunit\u00e9 - Nathalie Faggianelli\",\"isPartOf\":{\"@id\":\"https:\\\/\\\/nathalie-faggianelli.fr\\\/#website\"},\"primaryImageOfPage\":{\"@id\":\"https:\\\/\\\/nathalie-faggianelli.fr\\\/index.php\\\/webinaire-immunite\\\/#primaryimage\"},\"image\":{\"@id\":\"https:\\\/\\\/nathalie-faggianelli.fr\\\/index.php\\\/webinaire-immunite\\\/#primaryimage\"},\"thumbnailUrl\":\"https:\\\/\\\/nathalie-faggianelli.fr\\\/wp-content\\\/uploads\\\/2021\\\/10\\\/atelier_automnehiverenligne3-1024x1024.jpg\",\"datePublished\":\"2021-10-15T14:51:29+00:00\",\"dateModified\":\"2021-10-15T15:06:41+00:00\",\"breadcrumb\":{\"@id\":\"https:\\\/\\\/nathalie-faggianelli.fr\\\/index.php\\\/webinaire-immunite\\\/#breadcrumb\"},\"inLanguage\":\"fr-FR\",\"potentialAction\":[{\"@type\":\"ReadAction\",\"target\":[\"https:\\\/\\\/nathalie-faggianelli.fr\\\/index.php\\\/webinaire-immunite\\\/\"]}]},{\"@type\":\"ImageObject\",\"inLanguage\":\"fr-FR\",\"@id\":\"https:\\\/\\\/nathalie-faggianelli.fr\\\/index.php\\\/webinaire-immunite\\\/#primaryimage\",\"url\":\"https:\\\/\\\/nathalie-faggianelli.fr\\\/wp-content\\\/uploads\\\/2021\\\/10\\\/atelier_automnehiverenligne3.jpg\",\"contentUrl\":\"https:\\\/\\\/nathalie-faggianelli.fr\\\/wp-content\\\/uploads\\\/2021\\\/10\\\/atelier_automnehiverenligne3.jpg\",\"width\":1080,\"height\":1080},{\"@type\":\"BreadcrumbList\",\"@id\":\"https:\\\/\\\/nathalie-faggianelli.fr\\\/index.php\\\/webinaire-immunite\\\/#breadcrumb\",\"itemListElement\":[{\"@type\":\"ListItem\",\"position\":1,\"name\":\"Accueil\",\"item\":\"https:\\\/\\\/nathalie-faggianelli.fr\\\/index.php\\\/page-daccueil\\\/\"},{\"@type\":\"ListItem\",\"position\":2,\"name\":\"WEBINAIRE Immunit\u00e9\"}]},{\"@type\":\"WebSite\",\"@id\":\"https:\\\/\\\/nathalie-faggianelli.fr\\\/#website\",\"url\":\"https:\\\/\\\/nathalie-faggianelli.fr\\\/\",\"name\":\"Nathalie Faggianelli\",\"description\":\"Phyto-Aromatologue, naturopathe, form\u00e9e en micronutrition \u00e0 Lille - La Madeleine ou en ligne\",\"publisher\":{\"@id\":\"https:\\\/\\\/nathalie-faggianelli.fr\\\/#organization\"},\"potentialAction\":[{\"@type\":\"SearchAction\",\"target\":{\"@type\":\"EntryPoint\",\"urlTemplate\":\"https:\\\/\\\/nathalie-faggianelli.fr\\\/?s={search_term_string}\"},\"query-input\":{\"@type\":\"PropertyValueSpecification\",\"valueRequired\":true,\"valueName\":\"search_term_string\"}}],\"inLanguage\":\"fr-FR\"},{\"@type\":\"Organization\",\"@id\":\"https:\\\/\\\/nathalie-faggianelli.fr\\\/#organization\",\"name\":\"Nathalie Faggianelli\",\"url\":\"https:\\\/\\\/nathalie-faggianelli.fr\\\/\",\"logo\":{\"@type\":\"ImageObject\",\"inLanguage\":\"fr-FR\",\"@id\":\"https:\\\/\\\/nathalie-faggianelli.fr\\\/#\\\/schema\\\/logo\\\/image\\\/\",\"url\":\"https:\\\/\\\/nathalie-faggianelli.fr\\\/wp-content\\\/uploads\\\/2021\\\/07\\\/logo-pro1.png\",\"contentUrl\":\"https:\\\/\\\/nathalie-faggianelli.fr\\\/wp-content\\\/uploads\\\/2021\\\/07\\\/logo-pro1.png\",\"width\":1728,\"height\":1521,\"caption\":\"Nathalie Faggianelli\"},\"image\":{\"@id\":\"https:\\\/\\\/nathalie-faggianelli.fr\\\/#\\\/schema\\\/logo\\\/image\\\/\"}}]}<\/script>\n<!-- \/ Yoast SEO plugin. -->","yoast_head_json":{"title":"WEBINAIRE Immunit\u00e9 - Nathalie Faggianelli","robots":{"index":"index","follow":"follow","max-snippet":"max-snippet:-1","max-image-preview":"max-image-preview:large","max-video-preview":"max-video-preview:-1"},"canonical":"https:\/\/nathalie-faggianelli.fr\/index.php\/webinaire-immunite\/","og_locale":"fr_FR","og_type":"article","og_title":"WEBINAIRE Immunit\u00e9 - Nathalie Faggianelli","og_description":"Je suis heureuse de vous retrouver le mardi 26 octobre prochain \u00e0 20h00 pour un webinaire en ligne sur le th\u00e8me de l&rsquo;immunit\u00e9: \u00ab\u00a0comment prendre soin de mon immunit\u00e9 et de celle de ces enfants ?\u00a0\u00bb Atelier tout public m\u00eame...Read More","og_url":"https:\/\/nathalie-faggianelli.fr\/index.php\/webinaire-immunite\/","og_site_name":"Nathalie Faggianelli","article_modified_time":"2021-10-15T15:06:41+00:00","og_image":[{"url":"https:\/\/nathalie-faggianelli.fr\/wp-content\/uploads\/2021\/10\/atelier_automnehiverenligne3-1024x1024.jpg","type":"","width":"","height":""}],"twitter_card":"summary_large_image","twitter_misc":{"Dur\u00e9e de lecture estim\u00e9e":"1 minute"},"schema":{"@context":"https:\/\/schema.org","@graph":[{"@type":"WebPage","@id":"https:\/\/nathalie-faggianelli.fr\/index.php\/webinaire-immunite\/","url":"https:\/\/nathalie-faggianelli.fr\/index.php\/webinaire-immunite\/","name":"WEBINAIRE Immunit\u00e9 - Nathalie Faggianelli","isPartOf":{"@id":"https:\/\/nathalie-faggianelli.fr\/#website"},"primaryImageOfPage":{"@id":"https:\/\/nathalie-faggianelli.fr\/index.php\/webinaire-immunite\/#primaryimage"},"image":{"@id":"https:\/\/nathalie-faggianelli.fr\/index.php\/webinaire-immunite\/#primaryimage"},"thumbnailUrl":"https:\/\/nathalie-faggianelli.fr\/wp-content\/uploads\/2021\/10\/atelier_automnehiverenligne3-1024x1024.jpg","datePublished":"2021-10-15T14:51:29+00:00","dateModified":"2021-10-15T15:06:41+00:00","breadcrumb":{"@id":"https:\/\/nathalie-faggianelli.fr\/index.php\/webinaire-immunite\/#breadcrumb"},"inLanguage":"fr-FR","potentialAction":[{"@type":"ReadAction","target":["https:\/\/nathalie-faggianelli.fr\/index.php\/webinaire-immunite\/"]}]},{"@type":"ImageObject","inLanguage":"fr-FR","@id":"https:\/\/nathalie-faggianelli.fr\/index.php\/webinaire-immunite\/#primaryimage","url":"https:\/\/nathalie-faggianelli.fr\/wp-content\/uploads\/2021\/10\/atelier_automnehiverenligne3.jpg","contentUrl":"https:\/\/nathalie-faggianelli.fr\/wp-content\/uploads\/2021\/10\/atelier_automnehiverenligne3.jpg","width":1080,"height":1080},{"@type":"BreadcrumbList","@id":"https:\/\/nathalie-faggianelli.fr\/index.php\/webinaire-immunite\/#breadcrumb","itemListElement":[{"@type":"ListItem","position":1,"name":"Accueil","item":"https:\/\/nathalie-faggianelli.fr\/index.php\/page-daccueil\/"},{"@type":"ListItem","position":2,"name":"WEBINAIRE Immunit\u00e9"}]},{"@type":"WebSite","@id":"https:\/\/nathalie-faggianelli.fr\/#website","url":"https:\/\/nathalie-faggianelli.fr\/","name":"Nathalie Faggianelli","description":"Phyto-Aromatologue, naturopathe, form\u00e9e en micronutrition \u00e0 Lille - La Madeleine ou en ligne","publisher":{"@id":"https:\/\/nathalie-faggianelli.fr\/#organization"},"potentialAction":[{"@type":"SearchAction","target":{"@type":"EntryPoint","urlTemplate":"https:\/\/nathalie-faggianelli.fr\/?s={search_term_string}"},"query-input":{"@type":"PropertyValueSpecification","valueRequired":true,"valueName":"search_term_string"}}],"inLanguage":"fr-FR"},{"@type":"Organization","@id":"https:\/\/nathalie-faggianelli.fr\/#organization","name":"Nathalie Faggianelli","url":"https:\/\/nathalie-faggianelli.fr\/","logo":{"@type":"ImageObject","inLanguage":"fr-FR","@id":"https:\/\/nathalie-faggianelli.fr\/#\/schema\/logo\/image\/","url":"https:\/\/nathalie-faggianelli.fr\/wp-content\/uploads\/2021\/07\/logo-pro1.png","contentUrl":"https:\/\/nathalie-faggianelli.fr\/wp-content\/uploads\/2021\/07\/logo-pro1.png","width":1728,"height":1521,"caption":"Nathalie Faggianelli"},"image":{"@id":"https:\/\/nathalie-faggianelli.fr\/#\/schema\/logo\/image\/"}}]}},"jetpack_sharing_enabled":true,"_links":{"self":[{"href":"https:\/\/nathalie-faggianelli.fr\/index.php\/wp-json\/wp\/v2\/pages\/1068","targetHints":{"allow":["GET"]}}],"collection":[{"href":"https:\/\/nathalie-faggianelli.fr\/index.php\/wp-json\/wp\/v2\/pages"}],"about":[{"href":"https:\/\/nathalie-faggianelli.fr\/index.php\/wp-json\/wp\/v2\/types\/page"}],"author":[{"embeddable":true,"href":"https:\/\/nathalie-faggianelli.fr\/index.php\/wp-json\/wp\/v2\/users\/1"}],"replies":[{"embeddable":true,"href":"https:\/\/nathalie-faggianelli.fr\/index.php\/wp-json\/wp\/v2\/comments?post=1068"}],"version-history":[{"count":3,"href":"https:\/\/nathalie-faggianelli.fr\/index.php\/wp-json\/wp\/v2\/pages\/1068\/revisions"}],"predecessor-version":[{"id":1073,"href":"https:\/\/nathalie-faggianelli.fr\/index.php\/wp-json\/wp\/v2\/pages\/1068\/revisions\/1073"}],"wp:attachment":[{"href":"https:\/\/nathalie-faggianelli.fr\/index.php\/wp-json\/wp\/v2\/media?parent=1068"}],"curies":[{"name":"wp","href":"https:\/\/api.w.org\/{rel}","templated":true}]}}