{"id":2757,"date":"2022-10-24T07:53:48","date_gmt":"2022-10-24T07:53:48","guid":{"rendered":"https:\/\/nathalie-faggianelli.fr\/?page_id=2757"},"modified":"2025-07-24T07:22:57","modified_gmt":"2025-07-24T07:22:57","slug":"presse","status":"publish","type":"page","link":"https:\/\/nathalie-faggianelli.fr\/index.php\/presse\/","title":{"rendered":"Presse"},"content":{"rendered":"\n<div class=\"wp-block-columns is-layout-flex wp-container-core-columns-is-layout-9d6595d7 wp-block-columns-is-layout-flex\">\n<div class=\"wp-block-column is-layout-flow wp-block-column-is-layout-flow\">\n<figure class=\"wp-block-image size-large\"><img loading=\"lazy\" decoding=\"async\" width=\"1024\" height=\"683\" src=\"https:\/\/nathalie-faggianelli.fr\/wp-content\/uploads\/2022\/10\/IMG_4462-1024x683.jpg\" alt=\"\" class=\"wp-image-2758\" srcset=\"https:\/\/nathalie-faggianelli.fr\/wp-content\/uploads\/2022\/10\/IMG_4462-1024x683.jpg 1024w, https:\/\/nathalie-faggianelli.fr\/wp-content\/uploads\/2022\/10\/IMG_4462-600x400.jpg 600w, https:\/\/nathalie-faggianelli.fr\/wp-content\/uploads\/2022\/10\/IMG_4462-300x200.jpg 300w, https:\/\/nathalie-faggianelli.fr\/wp-content\/uploads\/2022\/10\/IMG_4462-768x512.jpg 768w, https:\/\/nathalie-faggianelli.fr\/wp-content\/uploads\/2022\/10\/IMG_4462.jpg 1440w\" sizes=\"auto, (max-width: 1024px) 100vw, 1024px\" \/><figcaption class=\"wp-element-caption\">Copyright photo : Ludivine, photographe lilloise, <a href=\"https:\/\/granit-photo.fr\/\">Granit-photo<\/a><\/figcaption><\/figure>\n<\/div>\n\n\n\n<div class=\"wp-block-column is-layout-flow wp-block-column-is-layout-flow\">\n<p><em>Articles de presse, \u00e9missions et autres m\u00e9dias o\u00f9 j&rsquo;ai eu l&rsquo;opportunit\u00e9 d&rsquo;\u00e9changer sur mon parcours, ma pratique professionnelle et les plantes bien s\u00fbr. Vous pouvez retrouver les rediffusions ci-dessous. <\/em><\/p>\n\n\n\n<p><em>Vous pouvez aussi retrouver ma pr\u00e9sentation dans la rubrique \u00ab\u00a0<a href=\"https:\/\/nathalie-faggianelli.fr\/index.php\/qui-suis-je\/\">qui suis-je ?<\/a>\u00ab\u00a0<\/em><\/p>\n<\/div>\n<\/div>\n\n\n\n<div class=\"wp-block-columns is-layout-flex wp-container-core-columns-is-layout-9d6595d7 wp-block-columns-is-layout-flex\">\n<div class=\"wp-block-column is-layout-flow wp-block-column-is-layout-flow\">\n<div class=\"wp-block-cover\"><img loading=\"lazy\" decoding=\"async\" width=\"1024\" height=\"514\" class=\"wp-block-cover__image-background wp-image-3983\" alt=\"\" src=\"https:\/\/nathalie-faggianelli.fr\/wp-content\/uploads\/2025\/07\/IMG_8248-1024x514.jpeg\" data-object-fit=\"cover\" srcset=\"https:\/\/nathalie-faggianelli.fr\/wp-content\/uploads\/2025\/07\/IMG_8248-1024x514.jpeg 1024w, https:\/\/nathalie-faggianelli.fr\/wp-content\/uploads\/2025\/07\/IMG_8248-300x151.jpeg 300w, https:\/\/nathalie-faggianelli.fr\/wp-content\/uploads\/2025\/07\/IMG_8248-768x386.jpeg 768w, https:\/\/nathalie-faggianelli.fr\/wp-content\/uploads\/2025\/07\/IMG_8248-1536x772.jpeg 1536w, https:\/\/nathalie-faggianelli.fr\/wp-content\/uploads\/2025\/07\/IMG_8248-2048x1029.jpeg 2048w, https:\/\/nathalie-faggianelli.fr\/wp-content\/uploads\/2025\/07\/IMG_8248-600x301.jpeg 600w\" sizes=\"auto, (max-width: 1024px) 100vw, 1024px\" \/><span aria-hidden=\"true\" class=\"wp-block-cover__background has-background-dim\"><\/span><div class=\"wp-block-cover__inner-container is-layout-flow wp-block-cover-is-layout-flow\">\n<p class=\"has-text-align-center has-large-font-size\"><\/p>\n<\/div><\/div>\n\n\n\n<p>Magazine de la ville de Wasquehal &#8211; \u00e9dition 2021<\/p>\n<\/div>\n\n\n\n<div class=\"wp-block-column is-layout-flow wp-block-column-is-layout-flow\"><\/div>\n<\/div>\n\n\n\n<div class=\"wp-block-columns is-layout-flex wp-container-core-columns-is-layout-9d6595d7 wp-block-columns-is-layout-flex\">\n<div class=\"wp-block-column is-layout-flow wp-block-column-is-layout-flow\">\n<figure class=\"wp-block-image size-full\"><img loading=\"lazy\" decoding=\"async\" width=\"700\" height=\"703\" src=\"https:\/\/nathalie-faggianelli.fr\/wp-content\/uploads\/2022\/10\/presse1_MarieN.jpg\" alt=\"live instagram sur mon parcours\" class=\"wp-image-2762\" srcset=\"https:\/\/nathalie-faggianelli.fr\/wp-content\/uploads\/2022\/10\/presse1_MarieN.jpg 700w, https:\/\/nathalie-faggianelli.fr\/wp-content\/uploads\/2022\/10\/presse1_MarieN-100x100.jpg 100w, https:\/\/nathalie-faggianelli.fr\/wp-content\/uploads\/2022\/10\/presse1_MarieN-600x603.jpg 600w, https:\/\/nathalie-faggianelli.fr\/wp-content\/uploads\/2022\/10\/presse1_MarieN-300x300.jpg 300w, https:\/\/nathalie-faggianelli.fr\/wp-content\/uploads\/2022\/10\/presse1_MarieN-150x150.jpg 150w\" sizes=\"auto, (max-width: 700px) 100vw, 700px\" \/><figcaption class=\"wp-element-caption\"><a href=\"https:\/\/www.instagram.com\/p\/Ci-kgw_KQfD\/?hl=fr\">Live instagram<\/a> avec Marie Nauleau, herbaliste et praticienne en phytoth\u00e9rapie, 26 sept 2022. Nous avons \u00e9chang\u00e9 sur l&rsquo;alch\u00e9mille vulgaire.<\/figcaption><\/figure>\n<\/div>\n\n\n\n<div class=\"wp-block-column is-layout-flow wp-block-column-is-layout-flow\">\n<figure class=\"wp-block-image size-full\"><a href=\"https:\/\/podcast.ausha.co\/elles-agissent\/episode-6-nathalie-de-docteur-et-ingenieur-en-biologie-a-phyto-aromatologue\"><img loading=\"lazy\" decoding=\"async\" width=\"700\" height=\"736\" src=\"https:\/\/nathalie-faggianelli.fr\/wp-content\/uploads\/2022\/10\/presse3_ellesagissent.jpg\" alt=\"live et podcast pour Elles Agissent d'Emilie Berthet\" class=\"wp-image-2763\" srcset=\"https:\/\/nathalie-faggianelli.fr\/wp-content\/uploads\/2022\/10\/presse3_ellesagissent.jpg 700w, https:\/\/nathalie-faggianelli.fr\/wp-content\/uploads\/2022\/10\/presse3_ellesagissent-600x631.jpg 600w, https:\/\/nathalie-faggianelli.fr\/wp-content\/uploads\/2022\/10\/presse3_ellesagissent-285x300.jpg 285w\" sizes=\"auto, (max-width: 700px) 100vw, 700px\" \/><\/a><figcaption class=\"wp-element-caption\"><a href=\"https:\/\/podcast.ausha.co\/elles-agissent\/episode-6-nathalie-de-docteur-et-ingenieur-en-biologie-a-phyto-aromatologue\">Podcast Elles agissen<\/a><a href=\"https:\/\/www.ellesagissent.com\/les-episodes\">t<\/a> (2 nov 2022) et un <a href=\"https:\/\/www.instagram.com\/p\/CZwZ0YEOhuS\/?hl=fr\">live Instagram<\/a> (num\u00e9ro 8 du 9 f\u00e9v 2022)<\/figcaption><\/figure>\n<\/div>\n<\/div>\n\n\n\n<div class=\"wp-block-columns is-layout-flex wp-container-core-columns-is-layout-9d6595d7 wp-block-columns-is-layout-flex\">\n<div class=\"wp-block-column is-layout-flow wp-block-column-is-layout-flow\">\n<figure class=\"wp-block-image size-full\"><img loading=\"lazy\" decoding=\"async\" width=\"700\" height=\"703\" src=\"https:\/\/nathalie-faggianelli.fr\/wp-content\/uploads\/2022\/10\/presse2_asso.jpg\" alt=\"presse, interview \u00e9crite pour l'association EndopK and Co\" class=\"wp-image-2764\" srcset=\"https:\/\/nathalie-faggianelli.fr\/wp-content\/uploads\/2022\/10\/presse2_asso.jpg 700w, https:\/\/nathalie-faggianelli.fr\/wp-content\/uploads\/2022\/10\/presse2_asso-100x100.jpg 100w, https:\/\/nathalie-faggianelli.fr\/wp-content\/uploads\/2022\/10\/presse2_asso-600x603.jpg 600w, https:\/\/nathalie-faggianelli.fr\/wp-content\/uploads\/2022\/10\/presse2_asso-300x300.jpg 300w, https:\/\/nathalie-faggianelli.fr\/wp-content\/uploads\/2022\/10\/presse2_asso-150x150.jpg 150w\" sizes=\"auto, (max-width: 700px) 100vw, 700px\" \/><figcaption class=\"wp-element-caption\">Mon <a href=\"https:\/\/endopkandco.org\/interview-de-nathalie-faggianelli\/\">Interview \u00e9crite<\/a> sur mon parcours professionnel pour l&rsquo;association EndOPK and Co<\/figcaption><\/figure>\n<\/div>\n\n\n\n<div class=\"wp-block-column is-layout-flow wp-block-column-is-layout-flow\">\n<figure class=\"wp-block-image size-full\"><img loading=\"lazy\" decoding=\"async\" width=\"700\" height=\"703\" src=\"https:\/\/nathalie-faggianelli.fr\/wp-content\/uploads\/2022\/10\/podcast4_radio.jpg\" alt=\"Mon interview pour l'\u00e9mission de radio La voix est libre\" class=\"wp-image-2765\" srcset=\"https:\/\/nathalie-faggianelli.fr\/wp-content\/uploads\/2022\/10\/podcast4_radio.jpg 700w, https:\/\/nathalie-faggianelli.fr\/wp-content\/uploads\/2022\/10\/podcast4_radio-100x100.jpg 100w, https:\/\/nathalie-faggianelli.fr\/wp-content\/uploads\/2022\/10\/podcast4_radio-600x603.jpg 600w, https:\/\/nathalie-faggianelli.fr\/wp-content\/uploads\/2022\/10\/podcast4_radio-300x300.jpg 300w, https:\/\/nathalie-faggianelli.fr\/wp-content\/uploads\/2022\/10\/podcast4_radio-150x150.jpg 150w\" sizes=\"auto, (max-width: 700px) 100vw, 700px\" \/><figcaption class=\"wp-element-caption\">Radio de Roubaix, Bueno vista video Club &amp; Radio Boomerang, \u00e9mission La Voix est libre : <a href=\"https:\/\/www.google.com\/search?q=bueno+vista+video+club+nathalie+faggianelli&amp;sxsrf=ALiCzsZAwz7FDmCzv1HY6mMesXrr8-Qe_w%3A1666597721329&amp;ei=WUNWY8jmE9LGlwT56rqoBw&amp;ved=0ahUKEwiI96apsPj6AhVS44UKHXm1DnUQ4dUDCA8&amp;uact=5&amp;oq=bueno+vista+video+club+nathalie+faggianelli&amp;gs_lp=Egdnd3Mtd2l6uAED-AEBwgIIEAAYogQYsAPCAgoQABgeGKIEGLADwgIGEAAYFhgewgIFECEYoAHCAggQIRgWGB4YHcICChAhGBYYHhgPGB3CAgUQABiiBJAGAkjNHFDQA1jNG3ACeADIAQCQAQCYAX-gAb0OqgEEMjAuMuIDBCBBGAHiAwQgRhgAiAYB&amp;sclient=gws-wiz#fpstate=ive&amp;vld=cid:11ccb08c,vid:ZEY2PjeS0GI\">\u00e9pisode 8 Le pouvoir des plantes<\/a> (diffusion 23 octobre 2022)<\/figcaption><\/figure>\n<\/div>\n<\/div>\n\n\n\n<div class=\"wp-block-columns is-layout-flex wp-container-core-columns-is-layout-9d6595d7 wp-block-columns-is-layout-flex\">\n<div class=\"wp-block-column is-layout-flow wp-block-column-is-layout-flow\">\n<figure class=\"wp-block-image size-full\"><img loading=\"lazy\" decoding=\"async\" width=\"742\" height=\"436\" src=\"https:\/\/nathalie-faggianelli.fr\/wp-content\/uploads\/2023\/03\/Capture-decran-2023-03-28-a-20.49.09.png\" alt=\"\" class=\"wp-image-3408\" srcset=\"https:\/\/nathalie-faggianelli.fr\/wp-content\/uploads\/2023\/03\/Capture-decran-2023-03-28-a-20.49.09.png 742w, https:\/\/nathalie-faggianelli.fr\/wp-content\/uploads\/2023\/03\/Capture-decran-2023-03-28-a-20.49.09-600x353.png 600w, https:\/\/nathalie-faggianelli.fr\/wp-content\/uploads\/2023\/03\/Capture-decran-2023-03-28-a-20.49.09-300x176.png 300w\" sizes=\"auto, (max-width: 742px) 100vw, 742px\" \/><figcaption class=\"wp-element-caption\">Interview\u00e9e de mars 2023, par Maud Gabriel, th\u00e9rapeute en biologie fonctionnelle, sur la probl\u00e9matique des cystites et mycoses \u00e0 r\u00e9p\u00e9tition chez les femmes. <a href=\"https:\/\/www.youtube.com\/watch?v=kvWYiGz0p7o\">Vid\u00e9o disponible ICI<\/a>. <\/figcaption><\/figure>\n<\/div>\n\n\n\n<div class=\"wp-block-column is-layout-flow wp-block-column-is-layout-flow\">\n<figure class=\"wp-block-image size-large is-resized\"><img loading=\"lazy\" decoding=\"async\" width=\"646\" height=\"1024\" src=\"https:\/\/nathalie-faggianelli.fr\/wp-content\/uploads\/2023\/07\/Capture-decran-2023-07-04-a-06.15.02-646x1024.png\" alt=\"\" class=\"wp-image-3476\" style=\"width:307px;height:486px\" srcset=\"https:\/\/nathalie-faggianelli.fr\/wp-content\/uploads\/2023\/07\/Capture-decran-2023-07-04-a-06.15.02-646x1024.png 646w, https:\/\/nathalie-faggianelli.fr\/wp-content\/uploads\/2023\/07\/Capture-decran-2023-07-04-a-06.15.02-600x951.png 600w, https:\/\/nathalie-faggianelli.fr\/wp-content\/uploads\/2023\/07\/Capture-decran-2023-07-04-a-06.15.02-189x300.png 189w, https:\/\/nathalie-faggianelli.fr\/wp-content\/uploads\/2023\/07\/Capture-decran-2023-07-04-a-06.15.02-768x1218.png 768w, https:\/\/nathalie-faggianelli.fr\/wp-content\/uploads\/2023\/07\/Capture-decran-2023-07-04-a-06.15.02.png 864w\" sizes=\"auto, (max-width: 646px) 100vw, 646px\" \/><figcaption class=\"wp-element-caption\">Interview\u00e9e par <a href=\"https:\/\/moonly.health\/\">Moonly Health<\/a> en mai 2023 pour parler des d\u00e9s\u00e9quilibres f\u00e9minins accrus en \u00e9t\u00e9: mycose, cystite et vaginose. Replay disponible pour les abonn\u00e9s \u00e0 Moonly PLUS (code NATHALIE10)<\/figcaption><\/figure>\n<\/div>\n<\/div>\n\n\n<div class=\"wp-block-image\">\n<figure class=\"aligncenter size-large is-resized\"><img loading=\"lazy\" decoding=\"async\" width=\"768\" height=\"1024\" src=\"https:\/\/nathalie-faggianelli.fr\/wp-content\/uploads\/2022\/11\/IMG_5218-768x1024.jpeg\" alt=\"programme Projet b\u00e9b\u00e9 Passeport Sant\u00e9\" class=\"wp-image-2868\" style=\"width:-828px;height:-1103px\" srcset=\"https:\/\/nathalie-faggianelli.fr\/wp-content\/uploads\/2022\/11\/IMG_5218-768x1024.jpeg 768w, https:\/\/nathalie-faggianelli.fr\/wp-content\/uploads\/2022\/11\/IMG_5218-scaled-600x800.jpeg 600w, https:\/\/nathalie-faggianelli.fr\/wp-content\/uploads\/2022\/11\/IMG_5218-225x300.jpeg 225w, https:\/\/nathalie-faggianelli.fr\/wp-content\/uploads\/2022\/11\/IMG_5218-1152x1536.jpeg 1152w, https:\/\/nathalie-faggianelli.fr\/wp-content\/uploads\/2022\/11\/IMG_5218-1536x2048.jpeg 1536w, https:\/\/nathalie-faggianelli.fr\/wp-content\/uploads\/2022\/11\/IMG_5218-scaled.jpeg 1920w\" sizes=\"auto, (max-width: 768px) 100vw, 768px\" \/><figcaption class=\"wp-element-caption\">Th\u00e9rapeute experte pour le <a href=\"https:\/\/projetbebe.passeportsante.net\/?utm_source=pub&amp;utm_medium=banner-pst&amp;utm_campaign=pst-2022-11-22&amp;utm_id=1\">programme Projet B\u00e9b\u00e9<\/a> lanc\u00e9 par <a href=\"https:\/\/www.passeportsante.net\/famille\/projet-enfant?doc=projet-bebe\">Passeport Sant\u00e9<\/a> &#8211; M6<\/figcaption><\/figure><\/div>\n\n\n<div class=\"wp-block-columns is-layout-flex wp-container-core-columns-is-layout-9d6595d7 wp-block-columns-is-layout-flex\">\n<div class=\"wp-block-column is-layout-flow wp-block-column-is-layout-flow\">\n<figure class=\"wp-block-image size-full is-resized\"><img loading=\"lazy\" decoding=\"async\" width=\"704\" height=\"912\" src=\"https:\/\/nathalie-faggianelli.fr\/wp-content\/uploads\/2023\/07\/Capture-decran-2023-07-04-a-06.18.48.png\" alt=\"\" class=\"wp-image-3477\" style=\"width:313px;height:405px\" srcset=\"https:\/\/nathalie-faggianelli.fr\/wp-content\/uploads\/2023\/07\/Capture-decran-2023-07-04-a-06.18.48.png 704w, https:\/\/nathalie-faggianelli.fr\/wp-content\/uploads\/2023\/07\/Capture-decran-2023-07-04-a-06.18.48-600x777.png 600w, https:\/\/nathalie-faggianelli.fr\/wp-content\/uploads\/2023\/07\/Capture-decran-2023-07-04-a-06.18.48-232x300.png 232w\" sizes=\"auto, (max-width: 704px) 100vw, 704px\" \/><figcaption class=\"wp-element-caption\">Chroniqueuse pour le magazine belge <a href=\"https:\/\/geertdevuyst.fr\/produit\/aroma-juin-sept-2023-e-book\/\">Aroma<\/a><\/figcaption><\/figure>\n<\/div>\n\n\n\n<div class=\"wp-block-column is-layout-flow wp-block-column-is-layout-flow\"><\/div>\n<\/div>\n","protected":false},"excerpt":{"rendered":"<p>Articles de presse, \u00e9missions et autres m\u00e9dias o\u00f9 j&rsquo;ai eu l&rsquo;opportunit\u00e9 d&rsquo;\u00e9changer sur mon parcours, ma pratique professionnelle et les plantes bien s\u00fbr. Vous pouvez retrouver les rediffusions ci-dessous. Vous pouvez aussi retrouver ma pr\u00e9sentation dans la rubrique \u00ab\u00a0qui suis-je&#8230;<\/p>\n<p><a class=\"more-link\" href=\"https:\/\/nathalie-faggianelli.fr\/index.php\/presse\/\">Read More<\/a><\/p>\n","protected":false},"author":1,"featured_media":0,"parent":0,"menu_order":0,"comment_status":"closed","ping_status":"closed","template":"","meta":{"_genesis_hide_title":false,"_genesis_hide_breadcrumbs":false,"_genesis_hide_singular_image":false,"_genesis_hide_footer_widgets":false,"_genesis_custom_body_class":"","_genesis_custom_post_class":"","_genesis_layout":"","footnotes":""},"class_list":{"0":"post-2757","1":"page","2":"type-page","3":"status-publish","5":"entry","6":"has-post-thumbnail"},"yoast_head":"<!-- This site is optimized with the Yoast SEO plugin v27.4 - https:\/\/yoast.com\/product\/yoast-seo-wordpress\/ -->\n<title>Presse - Nathalie Faggianelli<\/title>\n<meta name=\"description\" content=\"Presse : retrouvez les diff\u00e9rents \u00e9missions, podcasts pour lesquels j&#039;ai eu le plaisir de participer et interviews \u00e9crites.\" \/>\n<meta name=\"robots\" content=\"index, follow, max-snippet:-1, max-image-preview:large, max-video-preview:-1\" \/>\n<link rel=\"canonical\" href=\"https:\/\/nathalie-faggianelli.fr\/index.php\/presse\/\" \/>\n<meta property=\"og:locale\" content=\"fr_FR\" \/>\n<meta property=\"og:type\" content=\"article\" \/>\n<meta property=\"og:title\" content=\"Presse - Nathalie Faggianelli\" \/>\n<meta property=\"og:description\" content=\"Presse : retrouvez les diff\u00e9rents \u00e9missions, podcasts pour lesquels j&#039;ai eu le plaisir de participer et interviews \u00e9crites.\" \/>\n<meta property=\"og:url\" content=\"https:\/\/nathalie-faggianelli.fr\/index.php\/presse\/\" \/>\n<meta property=\"og:site_name\" content=\"Nathalie Faggianelli\" \/>\n<meta property=\"article:modified_time\" content=\"2025-07-24T07:22:57+00:00\" \/>\n<meta property=\"og:image\" content=\"https:\/\/nathalie-faggianelli.fr\/wp-content\/uploads\/2022\/10\/IMG_4462.jpg\" \/>\n\t<meta property=\"og:image:width\" content=\"1440\" \/>\n\t<meta property=\"og:image:height\" content=\"960\" \/>\n\t<meta property=\"og:image:type\" content=\"image\/jpeg\" \/>\n<meta name=\"twitter:card\" content=\"summary_large_image\" \/>\n<meta name=\"twitter:label1\" content=\"Dur\u00e9e de lecture estim\u00e9e\" \/>\n\t<meta name=\"twitter:data1\" content=\"4 minutes\" \/>\n<script type=\"application\/ld+json\" class=\"yoast-schema-graph\">{\"@context\":\"https:\\\/\\\/schema.org\",\"@graph\":[{\"@type\":\"WebPage\",\"@id\":\"https:\\\/\\\/nathalie-faggianelli.fr\\\/index.php\\\/presse\\\/\",\"url\":\"https:\\\/\\\/nathalie-faggianelli.fr\\\/index.php\\\/presse\\\/\",\"name\":\"Presse - Nathalie Faggianelli\",\"isPartOf\":{\"@id\":\"https:\\\/\\\/nathalie-faggianelli.fr\\\/#website\"},\"primaryImageOfPage\":{\"@id\":\"https:\\\/\\\/nathalie-faggianelli.fr\\\/index.php\\\/presse\\\/#primaryimage\"},\"image\":{\"@id\":\"https:\\\/\\\/nathalie-faggianelli.fr\\\/index.php\\\/presse\\\/#primaryimage\"},\"thumbnailUrl\":\"https:\\\/\\\/nathalie-faggianelli.fr\\\/wp-content\\\/uploads\\\/2022\\\/10\\\/IMG_4462-1024x683.jpg\",\"datePublished\":\"2022-10-24T07:53:48+00:00\",\"dateModified\":\"2025-07-24T07:22:57+00:00\",\"description\":\"Presse : retrouvez les diff\u00e9rents \u00e9missions, podcasts pour lesquels j'ai eu le plaisir de participer et interviews \u00e9crites.\",\"breadcrumb\":{\"@id\":\"https:\\\/\\\/nathalie-faggianelli.fr\\\/index.php\\\/presse\\\/#breadcrumb\"},\"inLanguage\":\"fr-FR\",\"potentialAction\":[{\"@type\":\"ReadAction\",\"target\":[\"https:\\\/\\\/nathalie-faggianelli.fr\\\/index.php\\\/presse\\\/\"]}]},{\"@type\":\"ImageObject\",\"inLanguage\":\"fr-FR\",\"@id\":\"https:\\\/\\\/nathalie-faggianelli.fr\\\/index.php\\\/presse\\\/#primaryimage\",\"url\":\"https:\\\/\\\/nathalie-faggianelli.fr\\\/wp-content\\\/uploads\\\/2022\\\/10\\\/IMG_4462.jpg\",\"contentUrl\":\"https:\\\/\\\/nathalie-faggianelli.fr\\\/wp-content\\\/uploads\\\/2022\\\/10\\\/IMG_4462.jpg\",\"width\":1440,\"height\":960},{\"@type\":\"BreadcrumbList\",\"@id\":\"https:\\\/\\\/nathalie-faggianelli.fr\\\/index.php\\\/presse\\\/#breadcrumb\",\"itemListElement\":[{\"@type\":\"ListItem\",\"position\":1,\"name\":\"Accueil\",\"item\":\"https:\\\/\\\/nathalie-faggianelli.fr\\\/index.php\\\/page-daccueil\\\/\"},{\"@type\":\"ListItem\",\"position\":2,\"name\":\"Presse\"}]},{\"@type\":\"WebSite\",\"@id\":\"https:\\\/\\\/nathalie-faggianelli.fr\\\/#website\",\"url\":\"https:\\\/\\\/nathalie-faggianelli.fr\\\/\",\"name\":\"Nathalie Faggianelli\",\"description\":\"Phyto-Aromatologue, naturopathe, form\u00e9e en micronutrition \u00e0 Lille - La Madeleine ou en ligne\",\"publisher\":{\"@id\":\"https:\\\/\\\/nathalie-faggianelli.fr\\\/#organization\"},\"potentialAction\":[{\"@type\":\"SearchAction\",\"target\":{\"@type\":\"EntryPoint\",\"urlTemplate\":\"https:\\\/\\\/nathalie-faggianelli.fr\\\/?s={search_term_string}\"},\"query-input\":{\"@type\":\"PropertyValueSpecification\",\"valueRequired\":true,\"valueName\":\"search_term_string\"}}],\"inLanguage\":\"fr-FR\"},{\"@type\":\"Organization\",\"@id\":\"https:\\\/\\\/nathalie-faggianelli.fr\\\/#organization\",\"name\":\"Nathalie Faggianelli\",\"url\":\"https:\\\/\\\/nathalie-faggianelli.fr\\\/\",\"logo\":{\"@type\":\"ImageObject\",\"inLanguage\":\"fr-FR\",\"@id\":\"https:\\\/\\\/nathalie-faggianelli.fr\\\/#\\\/schema\\\/logo\\\/image\\\/\",\"url\":\"https:\\\/\\\/nathalie-faggianelli.fr\\\/wp-content\\\/uploads\\\/2021\\\/07\\\/logo-pro1.png\",\"contentUrl\":\"https:\\\/\\\/nathalie-faggianelli.fr\\\/wp-content\\\/uploads\\\/2021\\\/07\\\/logo-pro1.png\",\"width\":1728,\"height\":1521,\"caption\":\"Nathalie Faggianelli\"},\"image\":{\"@id\":\"https:\\\/\\\/nathalie-faggianelli.fr\\\/#\\\/schema\\\/logo\\\/image\\\/\"}}]}<\/script>\n<!-- \/ Yoast SEO plugin. -->","yoast_head_json":{"title":"Presse - Nathalie Faggianelli","description":"Presse : retrouvez les diff\u00e9rents \u00e9missions, podcasts pour lesquels j'ai eu le plaisir de participer et interviews \u00e9crites.","robots":{"index":"index","follow":"follow","max-snippet":"max-snippet:-1","max-image-preview":"max-image-preview:large","max-video-preview":"max-video-preview:-1"},"canonical":"https:\/\/nathalie-faggianelli.fr\/index.php\/presse\/","og_locale":"fr_FR","og_type":"article","og_title":"Presse - Nathalie Faggianelli","og_description":"Presse : retrouvez les diff\u00e9rents \u00e9missions, podcasts pour lesquels j'ai eu le plaisir de participer et interviews \u00e9crites.","og_url":"https:\/\/nathalie-faggianelli.fr\/index.php\/presse\/","og_site_name":"Nathalie Faggianelli","article_modified_time":"2025-07-24T07:22:57+00:00","og_image":[{"width":1440,"height":960,"url":"https:\/\/nathalie-faggianelli.fr\/wp-content\/uploads\/2022\/10\/IMG_4462.jpg","type":"image\/jpeg"}],"twitter_card":"summary_large_image","twitter_misc":{"Dur\u00e9e de lecture estim\u00e9e":"4 minutes"},"schema":{"@context":"https:\/\/schema.org","@graph":[{"@type":"WebPage","@id":"https:\/\/nathalie-faggianelli.fr\/index.php\/presse\/","url":"https:\/\/nathalie-faggianelli.fr\/index.php\/presse\/","name":"Presse - Nathalie Faggianelli","isPartOf":{"@id":"https:\/\/nathalie-faggianelli.fr\/#website"},"primaryImageOfPage":{"@id":"https:\/\/nathalie-faggianelli.fr\/index.php\/presse\/#primaryimage"},"image":{"@id":"https:\/\/nathalie-faggianelli.fr\/index.php\/presse\/#primaryimage"},"thumbnailUrl":"https:\/\/nathalie-faggianelli.fr\/wp-content\/uploads\/2022\/10\/IMG_4462-1024x683.jpg","datePublished":"2022-10-24T07:53:48+00:00","dateModified":"2025-07-24T07:22:57+00:00","description":"Presse : retrouvez les diff\u00e9rents \u00e9missions, podcasts pour lesquels j'ai eu le plaisir de participer et interviews \u00e9crites.","breadcrumb":{"@id":"https:\/\/nathalie-faggianelli.fr\/index.php\/presse\/#breadcrumb"},"inLanguage":"fr-FR","potentialAction":[{"@type":"ReadAction","target":["https:\/\/nathalie-faggianelli.fr\/index.php\/presse\/"]}]},{"@type":"ImageObject","inLanguage":"fr-FR","@id":"https:\/\/nathalie-faggianelli.fr\/index.php\/presse\/#primaryimage","url":"https:\/\/nathalie-faggianelli.fr\/wp-content\/uploads\/2022\/10\/IMG_4462.jpg","contentUrl":"https:\/\/nathalie-faggianelli.fr\/wp-content\/uploads\/2022\/10\/IMG_4462.jpg","width":1440,"height":960},{"@type":"BreadcrumbList","@id":"https:\/\/nathalie-faggianelli.fr\/index.php\/presse\/#breadcrumb","itemListElement":[{"@type":"ListItem","position":1,"name":"Accueil","item":"https:\/\/nathalie-faggianelli.fr\/index.php\/page-daccueil\/"},{"@type":"ListItem","position":2,"name":"Presse"}]},{"@type":"WebSite","@id":"https:\/\/nathalie-faggianelli.fr\/#website","url":"https:\/\/nathalie-faggianelli.fr\/","name":"Nathalie Faggianelli","description":"Phyto-Aromatologue, naturopathe, form\u00e9e en micronutrition \u00e0 Lille - La Madeleine ou en ligne","publisher":{"@id":"https:\/\/nathalie-faggianelli.fr\/#organization"},"potentialAction":[{"@type":"SearchAction","target":{"@type":"EntryPoint","urlTemplate":"https:\/\/nathalie-faggianelli.fr\/?s={search_term_string}"},"query-input":{"@type":"PropertyValueSpecification","valueRequired":true,"valueName":"search_term_string"}}],"inLanguage":"fr-FR"},{"@type":"Organization","@id":"https:\/\/nathalie-faggianelli.fr\/#organization","name":"Nathalie Faggianelli","url":"https:\/\/nathalie-faggianelli.fr\/","logo":{"@type":"ImageObject","inLanguage":"fr-FR","@id":"https:\/\/nathalie-faggianelli.fr\/#\/schema\/logo\/image\/","url":"https:\/\/nathalie-faggianelli.fr\/wp-content\/uploads\/2021\/07\/logo-pro1.png","contentUrl":"https:\/\/nathalie-faggianelli.fr\/wp-content\/uploads\/2021\/07\/logo-pro1.png","width":1728,"height":1521,"caption":"Nathalie Faggianelli"},"image":{"@id":"https:\/\/nathalie-faggianelli.fr\/#\/schema\/logo\/image\/"}}]}},"jetpack_sharing_enabled":true,"_links":{"self":[{"href":"https:\/\/nathalie-faggianelli.fr\/index.php\/wp-json\/wp\/v2\/pages\/2757","targetHints":{"allow":["GET"]}}],"collection":[{"href":"https:\/\/nathalie-faggianelli.fr\/index.php\/wp-json\/wp\/v2\/pages"}],"about":[{"href":"https:\/\/nathalie-faggianelli.fr\/index.php\/wp-json\/wp\/v2\/types\/page"}],"author":[{"embeddable":true,"href":"https:\/\/nathalie-faggianelli.fr\/index.php\/wp-json\/wp\/v2\/users\/1"}],"replies":[{"embeddable":true,"href":"https:\/\/nathalie-faggianelli.fr\/index.php\/wp-json\/wp\/v2\/comments?post=2757"}],"version-history":[{"count":15,"href":"https:\/\/nathalie-faggianelli.fr\/index.php\/wp-json\/wp\/v2\/pages\/2757\/revisions"}],"predecessor-version":[{"id":3984,"href":"https:\/\/nathalie-faggianelli.fr\/index.php\/wp-json\/wp\/v2\/pages\/2757\/revisions\/3984"}],"wp:attachment":[{"href":"https:\/\/nathalie-faggianelli.fr\/index.php\/wp-json\/wp\/v2\/media?parent=2757"}],"curies":[{"name":"wp","href":"https:\/\/api.w.org\/{rel}","templated":true}]}}